{"id":227,"date":"2025-12-11T19:39:08","date_gmt":"2025-12-11T19:39:08","guid":{"rendered":"https:\/\/lemonia.club\/index.php\/koszyk\/"},"modified":"2025-12-14T23:21:37","modified_gmt":"2025-12-14T23:21:37","slug":"koszyk","status":"publish","type":"page","link":"https:\/\/lemonia.club\/index.php\/koszyk\/","title":{"rendered":"Koszyk"},"content":{"rendered":"\n<div data-block-name=\"woocommerce\/cart\" class=\"wp-block-woocommerce-cart alignwide is-loading\">\n<div data-block-name=\"woocommerce\/filled-cart-block\" class=\"wp-block-woocommerce-filled-cart-block\">\n<div data-block-name=\"woocommerce\/cart-items-block\" class=\"wp-block-woocommerce-cart-items-block\">\n<div data-block-name=\"woocommerce\/cart-line-items-block\" class=\"wp-block-woocommerce-cart-line-items-block\"><\/div>\n\n\n<\/div>\n\n\n\n\n<div data-block-name=\"woocommerce\/cart-totals-block\" class=\"wp-block-woocommerce-cart-totals-block\">\n<div data-block-name=\"woocommerce\/cart-order-summary-block\" class=\"wp-block-woocommerce-cart-order-summary-block\">\n<div data-block-name=\"woocommerce\/cart-order-summary-heading-block\" class=\"wp-block-woocommerce-cart-order-summary-heading-block\"><\/div><div data-block-name=\"woocommerce\/cart-order-summary-coupon-form-block\" class=\"wp-block-woocommerce-cart-order-summary-coupon-form-block\"><\/div><div data-block-name=\"woocommerce\/cart-order-summary-totals-block\" class=\"wp-block-woocommerce-cart-order-summary-totals-block\">\n<div data-block-name=\"woocommerce\/cart-order-summary-subtotal-block\" class=\"wp-block-woocommerce-cart-order-summary-subtotal-block\"><\/div>\n<div data-block-name=\"woocommerce\/cart-order-summary-discount-block\" class=\"wp-block-woocommerce-cart-order-summary-discount-block\"><\/div>\n<div data-block-name=\"woocommerce\/cart-order-summary-fee-block\" class=\"wp-block-woocommerce-cart-order-summary-fee-block\"><\/div>\n<div data-block-name=\"woocommerce\/cart-order-summary-shipping-block\" class=\"wp-block-woocommerce-cart-order-summary-shipping-block\"><\/div>\n<div data-block-name=\"woocommerce\/cart-order-summary-taxes-block\" class=\"wp-block-woocommerce-cart-order-summary-taxes-block\"><\/div><\/div>\n<\/div>\n\n\n\n<div data-block-name=\"woocommerce\/cart-express-payment-block\" class=\"wp-block-woocommerce-cart-express-payment-block\"><\/div>\n\n\n\n<div data-block-name=\"woocommerce\/proceed-to-checkout-block\" class=\"wp-block-woocommerce-proceed-to-checkout-block\"><\/div>\n\n\n\n<div data-block-name=\"woocommerce\/cart-accepted-payment-methods-block\" class=\"wp-block-woocommerce-cart-accepted-payment-methods-block\"><\/div>\n<\/div>\n<\/div>\n\n\n\n<div data-block-name=\"woocommerce\/empty-cart-block\" class=\"wp-block-woocommerce-empty-cart-block\">\n<h2 class=\"wp-block-heading has-text-align-center with-empty-cart-icon wc-block-cart__empty-cart__title\">Tw\u00f3j koszyk jest obecnie pusty!<\/h2>\n\n\n\n<hr class=\"wp-block-separator has-alpha-channel-opacity is-style-dots\"\/>\n\n\n\n<h2 class=\"wp-block-heading has-text-align-center\">Nowe w sklepie<\/h2>\n\n\n<div data-block-name=\"woocommerce\/product-new\" data-columns=\"4\" data-rows=\"1\" class=\"wc-block-grid wp-block-product-new wp-block-woocommerce-product-new wc-block-product-new has-4-columns\"><ul class=\"wc-block-grid__products\"><li class=\"wc-block-grid__product\">\n\t\t\t\t<a href=\"https:\/\/lemonia.club\/index.php\/produkt\/pakiet-rodzinny-dom-pelen-zdrowia\/\" class=\"wc-block-grid__product-link\">\n\t\t\t\t\t<div class=\"wc-block-grid__product-onsale\">\n\t\t\t<span aria-hidden=\"true\">Promocja<\/span>\n\t\t\t<span class=\"screen-reader-text\">Produkt w promocji<\/span>\n\t\t<\/div>\n\t\t\t\t\t<div class=\"wc-block-grid__product-image\"><img fetchpriority=\"high\" decoding=\"async\" width=\"300\" height=\"300\" src=\"https:\/\/lemonia.club\/wp-content\/uploads\/2025\/12\/pakiet-rodzina-300x300.png\" class=\"attachment-woocommerce_thumbnail size-woocommerce_thumbnail\" alt=\"Pakiet Rodzinny | Dom Pe\u0142en Zdrowia\" srcset=\"https:\/\/lemonia.club\/wp-content\/uploads\/2025\/12\/pakiet-rodzina-300x300.png 300w, https:\/\/lemonia.club\/wp-content\/uploads\/2025\/12\/pakiet-rodzina-1920x1920.png 1920w, https:\/\/lemonia.club\/wp-content\/uploads\/2025\/12\/pakiet-rodzina-150x150.png 150w, https:\/\/lemonia.club\/wp-content\/uploads\/2025\/12\/pakiet-rodzina-768x768.png 768w, https:\/\/lemonia.club\/wp-content\/uploads\/2025\/12\/pakiet-rodzina-1536x1536.png 1536w, https:\/\/lemonia.club\/wp-content\/uploads\/2025\/12\/pakiet-rodzina-2048x2048.png 2048w, https:\/\/lemonia.club\/wp-content\/uploads\/2025\/12\/pakiet-rodzina-600x600.png 600w, https:\/\/lemonia.club\/wp-content\/uploads\/2025\/12\/pakiet-rodzina-100x100.png 100w\" sizes=\"(max-width: 300px) 100vw, 300px\" \/><\/div>\n\t\t\t\t\t<div class=\"wc-block-grid__product-title\">Pakiet Rodzinny | Dom Pe\u0142en Zdrowia<\/div>\n\t\t\t\t<\/a>\n\t\t\t\t<div class=\"wc-block-grid__product-price price\"><del aria-hidden=\"true\"><span class=\"woocommerce-Price-amount amount\">499,00&nbsp;<span class=\"woocommerce-Price-currencySymbol\">&#122;&#322;<\/span><\/span><\/del> <span class=\"screen-reader-text\">Pierwotna cena wynosi\u0142a: 499,00&nbsp;&#122;&#322;.<\/span><ins aria-hidden=\"true\"><span class=\"woocommerce-Price-amount amount\">399,00&nbsp;<span class=\"woocommerce-Price-currencySymbol\">&#122;&#322;<\/span><\/span><\/ins><span class=\"screen-reader-text\">Aktualna cena wynosi: 399,00&nbsp;&#122;&#322;.<\/span><\/div>\n\t\t\t\t\n\t\t\t\t<div class=\"wp-block-button wc-block-grid__product-add-to-cart\"><a href=\"\/index.php\/wp-json\/wp\/v2\/pages\/227?add-to-cart=324\" aria-label=\"Dodaj do koszyka: &bdquo;Pakiet Rodzinny | Dom Pe\u0142en Zdrowia&rdquo;\" data-quantity=\"1\" data-product_id=\"324\" data-product_sku=\"\" data-price=\"399\" rel=\"nofollow\" class=\"wp-block-button__link wp-element-button add_to_cart_button ajax_add_to_cart\">Dodaj do koszyka<\/a><\/div>\n\t\t\t<\/li><li class=\"wc-block-grid__product\">\n\t\t\t\t<a href=\"https:\/\/lemonia.club\/index.php\/produkt\/pakiet-dla-mlodziezy-zdrowy-start-w-przyszlosc\/\" class=\"wc-block-grid__product-link\">\n\t\t\t\t\t<div class=\"wc-block-grid__product-onsale\">\n\t\t\t<span aria-hidden=\"true\">Promocja<\/span>\n\t\t\t<span class=\"screen-reader-text\">Produkt w promocji<\/span>\n\t\t<\/div>\n\t\t\t\t\t<div class=\"wc-block-grid__product-image\"><img decoding=\"async\" width=\"300\" height=\"300\" src=\"https:\/\/lemonia.club\/wp-content\/uploads\/2025\/12\/PAkiet-junior-300x300.png\" class=\"attachment-woocommerce_thumbnail size-woocommerce_thumbnail\" alt=\"Pakiet dla M\u0142odzie\u017cy | Zdrowy Start w Przysz\u0142o\u015b\u0107\" srcset=\"https:\/\/lemonia.club\/wp-content\/uploads\/2025\/12\/PAkiet-junior-300x300.png 300w, https:\/\/lemonia.club\/wp-content\/uploads\/2025\/12\/PAkiet-junior-1920x1920.png 1920w, https:\/\/lemonia.club\/wp-content\/uploads\/2025\/12\/PAkiet-junior-150x150.png 150w, https:\/\/lemonia.club\/wp-content\/uploads\/2025\/12\/PAkiet-junior-768x768.png 768w, https:\/\/lemonia.club\/wp-content\/uploads\/2025\/12\/PAkiet-junior-1536x1536.png 1536w, https:\/\/lemonia.club\/wp-content\/uploads\/2025\/12\/PAkiet-junior-2048x2048.png 2048w, https:\/\/lemonia.club\/wp-content\/uploads\/2025\/12\/PAkiet-junior-600x600.png 600w, https:\/\/lemonia.club\/wp-content\/uploads\/2025\/12\/PAkiet-junior-100x100.png 100w\" sizes=\"(max-width: 300px) 100vw, 300px\" \/><\/div>\n\t\t\t\t\t<div class=\"wc-block-grid__product-title\">Pakiet dla M\u0142odzie\u017cy | Zdrowy Start w Przysz\u0142o\u015b\u0107<\/div>\n\t\t\t\t<\/a>\n\t\t\t\t<div class=\"wc-block-grid__product-price price\"><del aria-hidden=\"true\"><span class=\"woocommerce-Price-amount amount\">219,00&nbsp;<span class=\"woocommerce-Price-currencySymbol\">&#122;&#322;<\/span><\/span><\/del> <span class=\"screen-reader-text\">Pierwotna cena wynosi\u0142a: 219,00&nbsp;&#122;&#322;.<\/span><ins aria-hidden=\"true\"><span class=\"woocommerce-Price-amount amount\">149,00&nbsp;<span class=\"woocommerce-Price-currencySymbol\">&#122;&#322;<\/span><\/span><\/ins><span class=\"screen-reader-text\">Aktualna cena wynosi: 149,00&nbsp;&#122;&#322;.<\/span><\/div>\n\t\t\t\t\n\t\t\t\t<div class=\"wp-block-button wc-block-grid__product-add-to-cart\"><a href=\"\/index.php\/wp-json\/wp\/v2\/pages\/227?add-to-cart=322\" aria-label=\"Dodaj do koszyka: &bdquo;Pakiet dla M\u0142odzie\u017cy | Zdrowy Start w Przysz\u0142o\u015b\u0107&rdquo;\" data-quantity=\"1\" data-product_id=\"322\" data-product_sku=\"\" data-price=\"149\" rel=\"nofollow\" class=\"wp-block-button__link wp-element-button add_to_cart_button ajax_add_to_cart\">Dodaj do koszyka<\/a><\/div>\n\t\t\t<\/li><li class=\"wc-block-grid__product\">\n\t\t\t\t<a href=\"https:\/\/lemonia.club\/index.php\/produkt\/pakiet-dla-seniorow-witalnosc-plus\/\" class=\"wc-block-grid__product-link\">\n\t\t\t\t\t<div class=\"wc-block-grid__product-onsale\">\n\t\t\t<span aria-hidden=\"true\">Promocja<\/span>\n\t\t\t<span class=\"screen-reader-text\">Produkt w promocji<\/span>\n\t\t<\/div>\n\t\t\t\t\t<div class=\"wc-block-grid__product-image\"><img decoding=\"async\" width=\"300\" height=\"300\" src=\"https:\/\/lemonia.club\/wp-content\/uploads\/2025\/12\/pakiet-senior-300x300.png\" class=\"attachment-woocommerce_thumbnail size-woocommerce_thumbnail\" alt=\"Pakiet dla Senior\u00f3w | Witalno\u015b\u0107 Plus\" srcset=\"https:\/\/lemonia.club\/wp-content\/uploads\/2025\/12\/pakiet-senior-300x300.png 300w, https:\/\/lemonia.club\/wp-content\/uploads\/2025\/12\/pakiet-senior-150x150.png 150w, https:\/\/lemonia.club\/wp-content\/uploads\/2025\/12\/pakiet-senior-768x768.png 768w, https:\/\/lemonia.club\/wp-content\/uploads\/2025\/12\/pakiet-senior-600x600.png 600w, https:\/\/lemonia.club\/wp-content\/uploads\/2025\/12\/pakiet-senior-100x100.png 100w, https:\/\/lemonia.club\/wp-content\/uploads\/2025\/12\/pakiet-senior.png 1536w\" sizes=\"(max-width: 300px) 100vw, 300px\" \/><\/div>\n\t\t\t\t\t<div class=\"wc-block-grid__product-title\">Pakiet dla Senior\u00f3w | Witalno\u015b\u0107 Plus<\/div>\n\t\t\t\t<\/a>\n\t\t\t\t<div class=\"wc-block-grid__product-price price\"><del aria-hidden=\"true\"><span class=\"woocommerce-Price-amount amount\">349,00&nbsp;<span class=\"woocommerce-Price-currencySymbol\">&#122;&#322;<\/span><\/span><\/del> <span class=\"screen-reader-text\">Pierwotna cena wynosi\u0142a: 349,00&nbsp;&#122;&#322;.<\/span><ins aria-hidden=\"true\"><span class=\"woocommerce-Price-amount amount\">249,00&nbsp;<span class=\"woocommerce-Price-currencySymbol\">&#122;&#322;<\/span><\/span><\/ins><span class=\"screen-reader-text\">Aktualna cena wynosi: 249,00&nbsp;&#122;&#322;.<\/span><\/div>\n\t\t\t\t\n\t\t\t\t<div class=\"wp-block-button wc-block-grid__product-add-to-cart\"><a href=\"\/index.php\/wp-json\/wp\/v2\/pages\/227?add-to-cart=320\" aria-label=\"Dodaj do koszyka: &bdquo;Pakiet dla Senior\u00f3w | Witalno\u015b\u0107 Plus&rdquo;\" data-quantity=\"1\" data-product_id=\"320\" data-product_sku=\"\" data-price=\"249\" rel=\"nofollow\" class=\"wp-block-button__link wp-element-button add_to_cart_button ajax_add_to_cart\">Dodaj do koszyka<\/a><\/div>\n\t\t\t<\/li><li class=\"wc-block-grid__product\">\n\t\t\t\t<a href=\"https:\/\/lemonia.club\/index.php\/produkt\/e-book-potrawy-pelne-zdrowia\/\" class=\"wc-block-grid__product-link\">\n\t\t\t\t\t\n\t\t\t\t\t<div class=\"wc-block-grid__product-image\"><img loading=\"lazy\" decoding=\"async\" width=\"300\" height=\"300\" src=\"https:\/\/lemonia.club\/wp-content\/uploads\/2025\/12\/ebook2-300x300.png\" class=\"attachment-woocommerce_thumbnail size-woocommerce_thumbnail\" alt=\"E-book | 365 Dni Zdrowia na Talerzu\" srcset=\"https:\/\/lemonia.club\/wp-content\/uploads\/2025\/12\/ebook2-300x300.png 300w, https:\/\/lemonia.club\/wp-content\/uploads\/2025\/12\/ebook2-scaled-e1765691839726.png 1920w, https:\/\/lemonia.club\/wp-content\/uploads\/2025\/12\/ebook2-150x150.png 150w, https:\/\/lemonia.club\/wp-content\/uploads\/2025\/12\/ebook2-768x768.png 768w, https:\/\/lemonia.club\/wp-content\/uploads\/2025\/12\/ebook2-1536x1536.png 1536w, https:\/\/lemonia.club\/wp-content\/uploads\/2025\/12\/ebook2-2048x2048.png 2048w, https:\/\/lemonia.club\/wp-content\/uploads\/2025\/12\/ebook2-600x600.png 600w, https:\/\/lemonia.club\/wp-content\/uploads\/2025\/12\/ebook2-100x100.png 100w\" sizes=\"(max-width: 300px) 100vw, 300px\" \/><\/div>\n\t\t\t\t\t<div class=\"wc-block-grid__product-title\">E-book | 365 Dni Zdrowia na Talerzu<\/div>\n\t\t\t\t<\/a>\n\t\t\t\t<div class=\"wc-block-grid__product-price price\"><span class=\"woocommerce-Price-amount amount\">7,00&nbsp;<span class=\"woocommerce-Price-currencySymbol\">&#122;&#322;<\/span><\/span><\/div>\n\t\t\t\t\n\t\t\t\t<div class=\"wp-block-button wc-block-grid__product-add-to-cart\"><a href=\"\/index.php\/wp-json\/wp\/v2\/pages\/227?add-to-cart=307\" aria-label=\"Dodaj do koszyka: &bdquo;E-book | 365 Dni Zdrowia na Talerzu&rdquo;\" data-quantity=\"1\" data-product_id=\"307\" data-product_sku=\"\" data-price=\"7\" rel=\"nofollow\" class=\"wp-block-button__link wp-element-button add_to_cart_button ajax_add_to_cart\">Dodaj do koszyka<\/a><\/div>\n\t\t\t<\/li><\/ul><\/div><\/div>\n<\/div>\n","protected":false},"excerpt":{"rendered":"","protected":false},"author":1,"featured_media":0,"parent":0,"menu_order":0,"comment_status":"closed","ping_status":"closed","template":"","meta":{"footnotes":""},"class_list":["post-227","page","type-page","status-publish","hentry"],"_links":{"self":[{"href":"https:\/\/lemonia.club\/index.php\/wp-json\/wp\/v2\/pages\/227","targetHints":{"allow":["GET"]}}],"collection":[{"href":"https:\/\/lemonia.club\/index.php\/wp-json\/wp\/v2\/pages"}],"about":[{"href":"https:\/\/lemonia.club\/index.php\/wp-json\/wp\/v2\/types\/page"}],"author":[{"embeddable":true,"href":"https:\/\/lemonia.club\/index.php\/wp-json\/wp\/v2\/users\/1"}],"replies":[{"embeddable":true,"href":"https:\/\/lemonia.club\/index.php\/wp-json\/wp\/v2\/comments?post=227"}],"version-history":[{"count":1,"href":"https:\/\/lemonia.club\/index.php\/wp-json\/wp\/v2\/pages\/227\/revisions"}],"predecessor-version":[{"id":334,"href":"https:\/\/lemonia.club\/index.php\/wp-json\/wp\/v2\/pages\/227\/revisions\/334"}],"wp:attachment":[{"href":"https:\/\/lemonia.club\/index.php\/wp-json\/wp\/v2\/media?parent=227"}],"curies":[{"name":"wp","href":"https:\/\/api.w.org\/{rel}","templated":true}]}}